{"id":40,"date":"2024-06-07T19:14:45","date_gmt":"2024-06-07T17:14:45","guid":{"rendered":"http:\/\/wcuiqxa.cluster023.hosting.ovh.net\/?page_id=40"},"modified":"2026-02-07T20:45:24","modified_gmt":"2026-02-07T19:45:24","slug":"club","status":"publish","type":"page","link":"https:\/\/archimede-esps.be\/index.php\/club\/","title":{"rendered":"Club"},"content":{"rendered":"<div data-colibri-id=\"40-c1\" class=\"style-215 style-local-40-c1 position-relative\">\n  <!---->\n  <div data-colibri-component=\"section\" data-colibri-id=\"40-c2\" id=\"about\" class=\"h-section h-section-global-spacing d-flex align-items-lg-center align-items-md-center align-items-center style-247 style-local-40-c2 position-relative\">\n    <!---->\n    <!---->\n    <div class=\"h-section-grid-container h-section-boxed-container\">\n      <!---->\n      <div data-colibri-id=\"40-c3\" class=\"h-row-container gutters-row-lg-1 gutters-row-md-1 gutters-row-0 gutters-row-v-lg-1 gutters-row-v-md-1 gutters-row-v-1 style-422 style-local-40-c3 position-relative\">\n        <!---->\n        <div class=\"h-row justify-content-lg-center justify-content-md-center justify-content-center align-items-lg-stretch align-items-md-stretch align-items-stretch gutters-col-lg-1 gutters-col-md-1 gutters-col-0 gutters-col-v-lg-1 gutters-col-v-md-1 gutters-col-v-1\">\n          <!---->\n          <div class=\"h-column h-column-container d-flex h-col-lg-auto h-col-md-auto h-col-auto style-423-outer style-local-40-c4-outer\">\n            <div data-colibri-id=\"40-c4\" class=\"d-flex h-flex-basis h-column__inner h-ui-empty-state-container h-px-lg-1 h-px-md-1 h-px-1 v-inner-lg-1 v-inner-md-1 v-inner-1 style-423 style-local-40-c4 position-relative\">\n              <!---->\n              <!---->\n              <div class=\"w-100 h-y-container h-column__content h-column__v-align flex-basis-100\">\n                <!---->\n              <\/div>\n            <\/div>\n          <\/div>\n          <div class=\"h-column h-column-container d-flex h-col-lg-auto h-col-md-auto h-col-auto style-424-outer style-local-40-c5-outer\">\n            <div data-colibri-id=\"40-c5\" class=\"d-flex h-flex-basis h-column__inner h-ui-empty-state-container h-px-lg-1 h-px-md-1 h-px-1 v-inner-lg-1 v-inner-md-1 v-inner-1 style-424 style-local-40-c5 position-relative\">\n              <!---->\n              <!---->\n              <div class=\"w-100 h-y-container h-column__content h-column__v-align flex-basis-100\">\n                <!---->\n              <\/div>\n            <\/div>\n          <\/div>\n        <\/div>\n      <\/div>\n      <div data-colibri-id=\"40-c6\" class=\"h-row-container gutters-row-lg-2 gutters-row-md-2 gutters-row-2 gutters-row-v-lg-2 gutters-row-v-md-2 gutters-row-v-2 style-248 style-local-40-c6 position-relative\">\n        <!---->\n        <div class=\"h-row justify-content-lg-center justify-content-md-center justify-content-center align-items-lg-stretch align-items-md-stretch align-items-stretch gutters-col-lg-2 gutters-col-md-2 gutters-col-2 gutters-col-v-lg-2 gutters-col-v-md-2 gutters-col-v-2\">\n          <!---->\n          <div class=\"h-column h-column-container d-flex h-col-lg-auto h-col-md-auto h-col-auto style-249-outer style-local-40-c7-outer\">\n            <div data-colibri-id=\"40-c7\" class=\"d-flex h-flex-basis h-column__inner h-px-lg-2 h-px-md-2 h-px-2 v-inner-lg-2 v-inner-md-2 v-inner-2 style-249 style-local-40-c7 position-relative\">\n              <!---->\n              <!---->\n              <div class=\"w-100 h-y-container h-column__content h-column__v-align flex-basis-100 align-self-lg-center align-self-md-center align-self-center\">\n                <!---->\n                <div data-colibri-id=\"40-c8\" class=\"h-global-transition-all h-heading style-250 style-local-40-c8 position-relative h-element\">\n                  <!---->\n                  <div class=\"h-heading__outer style-250 style-local-40-c8\">\n                    <!---->\n                    <!---->\n                    <h4 class=\"\"><span style=\"font-size: 113%;\">Bienvenue sur le site de l\u2019<\/span><span style=\"font-size: 113%; color: rgb(149, 186, 41);\">Ecole Ser\u00e9sienne de Plong\u00e9e Sous-marine<\/span><span style=\"font-size: 113%; color: rgb(255, 255, 255);\"><br>ESPS Archim\u00e8de Asbl<\/span><\/h4>\n                  <\/div>\n                <\/div>\n                <div data-colibri-id=\"40-c9\" class=\"h-lead h-text h-text-component style-252 style-local-40-c9 position-relative h-element\">\n                  <!---->\n                  <!---->\n                  <div class=\"\">\n                    <p>L\u2019\u00e9cole de plong\u00e9e a \u00e9t\u00e9 cr\u00e9e en <span style=\"color: rgb(149, 186, 41);\">1977<\/span>, elle n\u2019a cess\u00e9 de former des plongeurs et des moniteurs.<\/p>\n                    <p><span style=\"color: rgb(149, 186, 41);\">De quoi avez-vous besoin :<\/span><\/p>\n                    <p>un maillot, un essuie, un bonnet et savoir nager 1OO m\u00e8tres.<\/p>\n                    <p>Si vous voulez tenter l\u2019aventure, il est possible de vous immerger en piscine lors de 3 cours gratuits d&rsquo;initiation dans un d\u00e9lais de 2 mois et cela sans payer de cotisation.<\/p>\n                    <p>Ou un bapt\u00eame d\u00e9couverte de la plong\u00e9e, encadr\u00e9 et assur\u00e9 apr\u00e8s une ou deux s\u00e9ances en piscine.\n                      <br>\n                      <br>Le club poss\u00e8de \u00e9galement une section <span style=\"color: rgb(149, 186, 41);\">plong\u00e9e adapt\u00e9e<\/span> pour les personnes avec une d\u00e9ficience physique et\/ou mentale.\n                      <br>\n                    <\/p>\n                  <\/div>\n                <\/div>\n                <div data-colibri-id=\"40-c10\" class=\"h-x-container style-253 style-local-40-c10 position-relative h-element\">\n                  <!---->\n                  <div class=\"h-x-container-inner style-dynamic-40-c10-group style-253-spacing style-local-40-c10-spacing\"><span class=\"h-button__outer style-254-outer style-local-40-c11-outer d-inline-flex h-element\"><a h-use-smooth-scroll=\"true\" href=\"https:\/\/archimede-esps.be\/index.php\/contact\/\"  data-colibri-id=\"40-c11\" class=\"d-flex w-100 align-items-center h-button justify-content-lg-center justify-content-md-center justify-content-center style-254 style-local-40-c11 position-relative\"><!----><!----> <span>Contact<\/span><\/a>\n                    <\/span>\n                  <\/div>\n                <\/div>\n              <\/div>\n            <\/div>\n          <\/div>\n          <div class=\"h-column h-column-container d-flex h-col-lg-auto h-col-md-auto h-col-auto style-255-outer style-local-40-c12-outer\">\n            <div data-colibri-id=\"40-c12\" class=\"d-flex h-flex-basis h-column__inner h-px-lg-2 h-px-md-2 h-px-2 v-inner-lg-2 v-inner-md-2 v-inner-2 style-255 style-local-40-c12 position-relative\">\n              <!---->\n              <!---->\n              <div class=\"w-100 h-y-container h-column__content h-column__v-align flex-basis-100 align-self-lg-center align-self-md-center align-self-center\">\n                <!---->\n                <div data-colibri-id=\"40-c13\" class=\"d-block style-256 style-local-40-c13 position-relative h-element\">\n                  <!---->\n                  <div class=\"h-image__frame-container-outer\">\n                    <a href=\"https:\/\/archimede-esps.be\/index.php\/contact\/\" h-use-smooth-scroll=\"true\" class=\"image-link\">\n                      <div class=\"h-image__frame-container\">\n                        <!---->\n                        <!---->\n                        <img loading=\"lazy\" decoding=\"async\" width=\"1197\" height=\"1685\" src=\"https:\/\/archimede-esps.be\/wp-content\/uploads\/2025\/12\/ARCHIMEDE-251206-148x210-FlyersRV-initiation-C.jpg\" class=\"wp-image-117 style-256-image style-local-40-c13-image\" alt=\"\" srcset=\"https:\/\/archimede-esps.be\/wp-content\/uploads\/2025\/12\/ARCHIMEDE-251206-148x210-FlyersRV-initiation-C.jpg 1197w, https:\/\/archimede-esps.be\/wp-content\/uploads\/2025\/12\/ARCHIMEDE-251206-148x210-FlyersRV-initiation-C-213x300.jpg 213w, https:\/\/archimede-esps.be\/wp-content\/uploads\/2025\/12\/ARCHIMEDE-251206-148x210-FlyersRV-initiation-C-727x1024.jpg 727w, https:\/\/archimede-esps.be\/wp-content\/uploads\/2025\/12\/ARCHIMEDE-251206-148x210-FlyersRV-initiation-C-768x1081.jpg 768w, https:\/\/archimede-esps.be\/wp-content\/uploads\/2025\/12\/ARCHIMEDE-251206-148x210-FlyersRV-initiation-C-1091x1536.jpg 1091w\" sizes=\"auto, (max-width: 1197px) 100vw, 1197px\" \/>\n                        <div class=\"h-image__frame h-hide-sm style-256-frameImage style-local-40-c13-frameImage\"><\/div>\n                      <\/div>\n                    <\/a>\n                  <\/div>\n                <\/div>\n              <\/div>\n            <\/div>\n          <\/div>\n        <\/div>\n      <\/div>\n    <\/div>\n  <\/div>\n  <div data-colibri-component=\"section\" data-colibri-id=\"40-c14\" id=\"features\" class=\"h-section h-section-global-spacing d-flex align-items-lg-center align-items-md-center align-items-center style-415 style-local-40-c14 position-relative\">\n    <!---->\n    <!---->\n    <div class=\"h-section-grid-container h-section-boxed-container\">\n      <!---->\n      <div data-colibri-id=\"40-c15\" class=\"h-row-container gutters-row-lg-2 gutters-row-md-2 gutters-row-2 gutters-row-v-lg-2 gutters-row-v-md-2 gutters-row-v-2 style-416 style-local-40-c15 position-relative\">\n        <!---->\n        <div class=\"h-row justify-content-lg-center justify-content-md-center justify-content-center align-items-lg-stretch align-items-md-stretch align-items-stretch gutters-col-lg-2 gutters-col-md-2 gutters-col-2 gutters-col-v-lg-2 gutters-col-v-md-2 gutters-col-v-2\">\n          <!---->\n          <div class=\"h-column h-column-container d-flex h-col-lg-3 h-col-md-3 h-col-6 style-417-outer style-local-40-c16-outer\">\n            <div data-colibri-id=\"40-c16\" class=\"d-flex h-flex-basis h-column__inner h-px-lg-0 h-px-md-0 h-px-0 v-inner-lg-0 v-inner-md-0 v-inner-2 style-417 style-local-40-c16 position-relative\">\n              <!---->\n              <!---->\n              <div class=\"w-100 h-y-container h-column__content h-column__v-align flex-basis-100 align-self-lg-start align-self-md-start align-self-start\">\n                <!---->\n                <div data-colibri-id=\"40-c17\" class=\"h-icon style-418 style-local-40-c17 position-relative h-element\">\n                  <!---->\n                  <a href=\"https:\/\/www.lifras.be\/\" target=\"_blank\" h-use-smooth-scroll=\"true\"><span class=\"h-svg-icon h-icon__icon style-418-icon style-local-40-c17-icon\"><!--Icon by Font Awesome (https:\/\/fontawesome.com)-->\n    <svg version=\"1.1\" xmlns=\"http:\/\/www.w3.org\/2000\/svg\" xmlns:xlink=\"http:\/\/www.w3.org\/1999\/xlink\" id=\"bank\" viewBox=\"0 0 2048 1896.0833\">\n      <path d=\"M960 0l960 384v128h-128q0 26-20.5 45t-48.5 19H197q-28 0-48.5-19T128 512H0V384zM256 640h256v768h128V640h256v768h128V640h256v768h128V640h256v768h59q28 0 48.5 19t20.5 45v64H128v-64q0-26 20.5-45t48.5-19h59V640zm1595 960q28 0 48.5 19t20.5 45v128H0v-128q0-26 20.5-45t48.5-19h1782z\"><\/path>\n    <\/svg><\/span><\/a>\n                <\/div>\n                <div data-colibri-id=\"40-c18\" class=\"h-global-transition-all h-heading style-419 style-local-40-c18 position-relative h-element\">\n                  <!---->\n                  <div class=\"h-heading__outer style-419 style-local-40-c18\">\n                    <!---->\n                    <!---->\n                    <a href=\"https:\/\/www.lifras.be\/\" target=\"_blank\" h-use-smooth-scroll=\"true\">\n                      <h5 class=\"\">Affili\u00e9 \u00e0 la LIFRAS<\/h5>\n                    <\/a>\n                  <\/div>\n                <\/div>\n              <\/div>\n            <\/div>\n          <\/div>\n          <div class=\"h-column h-column-container d-flex h-col-lg-3 h-col-md-3 h-col-6 style-417-outer style-local-40-c19-outer\">\n            <div data-colibri-id=\"40-c19\" class=\"d-flex h-flex-basis h-column__inner h-px-lg-0 h-px-md-0 h-px-0 v-inner-lg-0 v-inner-md-0 v-inner-2 style-417 style-local-40-c19 position-relative\">\n              <!---->\n              <!---->\n              <div class=\"w-100 h-y-container h-column__content h-column__v-align flex-basis-100 align-self-lg-start align-self-md-start align-self-start\">\n                <!---->\n                <div data-colibri-id=\"40-c20\" class=\"h-icon style-418 style-local-40-c20 position-relative h-element\">\n                  <!---->\n                  <a href=\"https:\/\/www.cmas.org\/\" target=\"_blank\" h-use-smooth-scroll=\"true\"><span class=\"h-svg-icon h-icon__icon style-418-icon style-local-40-c20-icon\"><!--Icon by Icons8 Line Awesome (https:\/\/icons8.com\/line-awesome)--><svg version=\"1.1\" xmlns=\"http:\/\/www.w3.org\/2000\/svg\" xmlns:xlink=\"http:\/\/www.w3.org\/1999\/xlink\" id=\"certificate\" viewBox=\"0 0 512 545.5\"><path d=\"M256 80c9.983 0 19.968 3.405 28.5 9.5L311 108l30 4h.5c21.032 2.554 37.638 19.561 40.5 40.5.053.387.457.61.5 1h-.5l6 30 18.5 26.5c12.19 17.064 11.676 39.618.5 57.5v.5l-.5.5L388 295l-4 30 50 76 16.5 24.5H374l-18.5 43L344 496l-16.5-25-50.5-76c-13.095 6.064-28.457 5.585-42 0l-50.5 76-16.5 25-11.5-27.5-18.5-43H61.5L78 401l51.5-78.5-5-27.5-19-26.5c-12.19-17.064-11.676-40.118-.5-58v-.5l.5-.5 18.5-24 4-31v-.5l.5-.5c4.534-20.402 20.598-36.466 41-41l.5-.5h.5l30.5-4 26.5-18.5c8.532-6.095 18.517-9.5 28.5-9.5zm0 32.5c-3.666 0-7.332 1.095-10 3L217.5 136l-3.5 2.5-4 .5-33.5 4.5c-.247.055-.257.438-.5.5-7.79 2.005-13.995 8.21-16 16-.063.243-.445.253-.5.5L155 194l-.5 4.5-2.5 3-20 26c-4.824 7.72-4.31 17.165-.5 22.5l20.5 28.5 2.5 3 .5 4 6.5 36.5v1c.246 2.212 1.006 4.255 2 6 2.224 3.903 6.053 6.45 11 7h.5l35 5 4.5.5 3 2.5 26 20c7.72 4.824 17.165 4.31 22.5.5l28.5-20.5 3-2.5 4-.5 36.5-6.5h1c4.002-.444 7.192-2.272 9.5-5v-.5l1-.5c1.337-1.955 2.207-4.365 2.5-7v-.5l5-35 .5-4 2.5-3.5 20-28c4.824-7.72 4.31-16.665.5-22L360 200l-2.5-3-.5-3.5-6.5-35.5v-1c-.796-7.16-5.84-12.204-13-13h-.5l-35-5-4-.5-3.5-2.5-28.5-20.5c-2.668-1.905-6.334-3-10-3zM366.5 356c-6.544 5.165-14.402 8.824-23 10-.387.053-.61.457-1 .5v-.5l-31.5 5.5-7.5 5.5 34 52 11-25.5 4-10H391zm-221 .5l-24.5 37h38.5l4 10 11 25.5 34-51.5-7-5.5-30.5-4c-.157-.018-.343.02-.5 0-9.517-1.155-18.16-5.4-25-11.5z\"><\/path><\/svg><\/span><\/a>\n                <\/div>\n                <div data-colibri-id=\"40-c21\" class=\"h-global-transition-all h-heading style-419 style-local-40-c21 position-relative h-element\">\n                  <!---->\n                  <div class=\"h-heading__outer style-419 style-local-40-c21\">\n                    <!---->\n                    <!---->\n                    <a href=\"https:\/\/www.cmas.org\/\" target=\"_blank\" h-use-smooth-scroll=\"true\">\n                      <h5 class=\"\">et \u00e0 la CMAS<\/h5>\n                    <\/a>\n                  <\/div>\n                <\/div>\n              <\/div>\n            <\/div>\n          <\/div>\n          <div class=\"h-column h-column-container d-flex h-col-lg-3 h-col-md-3 h-col-6 style-417-outer style-local-40-c22-outer\">\n            <div data-colibri-id=\"40-c22\" class=\"d-flex h-flex-basis h-column__inner h-px-lg-0 h-px-md-0 h-px-0 v-inner-lg-0 v-inner-md-0 v-inner-2 style-417 style-local-40-c22 position-relative\">\n              <!---->\n              <!---->\n              <div class=\"w-100 h-y-container h-column__content h-column__v-align flex-basis-100 align-self-lg-start align-self-md-start align-self-start\">\n                <!---->\n                <div data-colibri-id=\"40-c23\" class=\"h-icon style-418 style-local-40-c23 position-relative h-element\">\n                  <!---->\n                  <a href=\"https:\/\/archimede-esps.be\/index.php\/contact\/\" h-use-smooth-scroll=\"true\"><span class=\"h-svg-icon h-icon__icon style-418-icon style-local-40-c23-icon\"><!--Icon by Font Awesome (https:\/\/fontawesome.com)-->\n    <svg version=\"1.1\" xmlns=\"http:\/\/www.w3.org\/2000\/svg\" xmlns:xlink=\"http:\/\/www.w3.org\/1999\/xlink\" id=\"industry\" viewBox=\"0 0 1792 1896.0833\">\n      <path d=\"M448 0q26 0 45 19t19 45v891l536-429q17-14 40-14 26 0 45 19t19 45v379l536-429q17-14 40-14 26 0 45 19t19 45v1152q0 26-19 45t-45 19H64q-26 0-45-19t-19-45V64q0-26 19-45T64 0h384z\"><\/path>\n    <\/svg><\/span><\/a>\n                <\/div>\n                <div data-colibri-id=\"40-c24\" class=\"h-global-transition-all h-heading style-419 style-local-40-c24 position-relative h-element\">\n                  <!---->\n                  <div class=\"h-heading__outer style-419 style-local-40-c24\">\n                    <!---->\n                    <!---->\n                    <a href=\"https:\/\/archimede-esps.be\/index.php\/contact\/\" h-use-smooth-scroll=\"true\">\n                      <h5 class=\"\">Nr Entreprise\n                        <br>BE 0417 366 056<\/h5>\n                    <\/a>\n                  <\/div>\n                <\/div>\n              <\/div>\n            <\/div>\n          <\/div>\n          <div class=\"h-column h-column-container d-flex h-col-lg-3 h-col-md-3 h-col-6 style-417-outer style-local-40-c25-outer\">\n            <div data-colibri-id=\"40-c25\" class=\"d-flex h-flex-basis h-column__inner h-px-lg-0 h-px-md-0 h-px-0 v-inner-lg-0 v-inner-md-0 v-inner-2 style-417 style-local-40-c25 position-relative\">\n              <!---->\n              <!---->\n              <div class=\"w-100 h-y-container h-column__content h-column__v-align flex-basis-100 align-self-lg-start align-self-md-start align-self-start\">\n                <!---->\n                <div data-colibri-id=\"40-c26\" class=\"h-icon style-418 style-local-40-c26 position-relative h-element\">\n                  <!---->\n                  <a href=\"https:\/\/www.seraing.be\/les-services-communaux\/cite-administrative\/service-des-sports\/\" target=\"_blank\" h-use-smooth-scroll=\"true\"><span class=\"h-svg-icon h-icon__icon style-418-icon style-local-40-c26-icon\"><!--Icon by Font Awesome (https:\/\/fontawesome.com)-->\n    <svg version=\"1.1\" xmlns=\"http:\/\/www.w3.org\/2000\/svg\" xmlns:xlink=\"http:\/\/www.w3.org\/1999\/xlink\" id=\"home\" viewBox=\"0 0 1664 1896.0833\">\n      <path d=\"M1408 992v480q0 26-19 45t-45 19H960v-384H704v384H320q-26 0-45-19t-19-45V992q0-1 .5-3t.5-3l575-474 575 474q1 2 1 6zm223-69l-62 74q-8 9-21 11h-3q-13 0-21-7L832 424l-692 577q-12 8-24 7-13-2-21-11l-62-74q-8-10-7-23.5T37 878l719-599q32-26 76-26t76 26l244 204V288q0-14 9-23t23-9h192q14 0 23 9t9 23v408l219 182q10 8 11 21.5t-7 23.5z\"><\/path>\n    <\/svg><\/span><\/a>\n                <\/div>\n                <div data-colibri-id=\"40-c27\" class=\"h-global-transition-all h-heading style-419 style-local-40-c27 position-relative h-element\">\n                  <!---->\n                  <div class=\"h-heading__outer style-419 style-local-40-c27\">\n                    <!---->\n                    <!---->\n                    <a href=\"https:\/\/www.seraing.be\/les-services-communaux\/cite-administrative\/service-des-sports\/\" target=\"_blank\" h-use-smooth-scroll=\"true\">\n                      <h5 class=\"\">Ville de Seraing<\/h5>\n                    <\/a>\n                  <\/div>\n                <\/div>\n              <\/div>\n            <\/div>\n          <\/div>\n        <\/div>\n      <\/div>\n    <\/div>\n  <\/div>\n<\/div>","protected":false},"excerpt":{"rendered":"<p>Bienvenue sur le site de l\u2019Ecole Ser\u00e9sienne de Plong\u00e9e Sous-marineESPS Archim\u00e8de Asbl L\u2019\u00e9cole de plong\u00e9e a \u00e9t\u00e9 cr\u00e9e en 1977, elle n\u2019a cess\u00e9 de former des plongeurs et des moniteurs. De quoi avez-vous besoin : un maillot, un essuie, un bonnet et savoir nager 1OO m\u00e8tres. Si vous voulez tenter l\u2019aventure, il est possible de [&hellip;]<\/p>\n","protected":false},"author":1,"featured_media":0,"parent":0,"menu_order":0,"comment_status":"closed","ping_status":"closed","template":"page-templates\/full-width-page.php","meta":{"inline_featured_image":false,"footnotes":""},"class_list":["post-40","page","type-page","status-publish","hentry"],"_links":{"self":[{"href":"https:\/\/archimede-esps.be\/index.php\/wp-json\/wp\/v2\/pages\/40","targetHints":{"allow":["GET"]}}],"collection":[{"href":"https:\/\/archimede-esps.be\/index.php\/wp-json\/wp\/v2\/pages"}],"about":[{"href":"https:\/\/archimede-esps.be\/index.php\/wp-json\/wp\/v2\/types\/page"}],"author":[{"embeddable":true,"href":"https:\/\/archimede-esps.be\/index.php\/wp-json\/wp\/v2\/users\/1"}],"replies":[{"embeddable":true,"href":"https:\/\/archimede-esps.be\/index.php\/wp-json\/wp\/v2\/comments?post=40"}],"version-history":[{"count":20,"href":"https:\/\/archimede-esps.be\/index.php\/wp-json\/wp\/v2\/pages\/40\/revisions"}],"predecessor-version":[{"id":1543,"href":"https:\/\/archimede-esps.be\/index.php\/wp-json\/wp\/v2\/pages\/40\/revisions\/1543"}],"wp:attachment":[{"href":"https:\/\/archimede-esps.be\/index.php\/wp-json\/wp\/v2\/media?parent=40"}],"curies":[{"name":"wp","href":"https:\/\/api.w.org\/{rel}","templated":true}]}}